 is the tens digit of 4991497451?
5
What is the millions digit of 156494467?
6
What is the units digit of 1320144007?
7
What is the units digit of 195656890?
0
What is the ten thousands digit of 469638095?
3
What is the hundred millions digit of 3763025411?
7
What is the millions digit of 2658840744?
8
What is the millions digit of 1180527927?
0
What is the hundred thousands digit of 46874017?
8
What is the millions digit of 1474914057?
4
What is the units digit of 252289132?
2
What is the hundred thousands digit of 8139485104?
4
What is the ten thousands digit of 4427767?
2
What is the hundreds digit of 48275535?
5
What is the tens digit of 3213022374?
7
What is the tens digit of 2227956244?
4
What is the ten thousands digit of 89033010?
3
What is the thousands digit of 497044859?
4
What is the ten millions digit of 77354925?
7
What is the thousands digit of 995046908?
6
What is the ten millions digit of 377645349?
7
What is the hundreds digit of 29218966?
9
What is the ten millions digit of 13754561?
1
What is the hundreds digit of 179954702?
7
What is the millions digit of 109375216?
9
What is the hundred millions digit of 338868207?
3
What is the hundreds digit of 2751489552?
5
What is the thousands digit of 66954163?
4
What is the hundreds digit of 202147329?
3
What is the billions digit of 1519604250?
1
What is the ten millions digit of 1315966657?
1
What is the hundreds digit of 47292366?
3
What is the hundred millions digit of 177980106?
1
What is the millions digit of 41144472?
1
What is the thousands digit of 367337081?
7
What is the hundred thousands digit of 1150805097?
8
What is the ten millions digit of 68582338?
6
What is the millions digit of 5085699955?
5
What is the ten millions digit of 715361512?
1
What is the ten millions digit of 265937475?
6
What is the hundreds digit of 804248409?
4
What is the hundred thousands digit of 50606331?
6
What is the hundreds digit of 34817566?
5
What is the millions digit of 185957353?
5
What is the hundred thousands digit of 377472351?
4
What is the thousands digit of 742873718?
3
What is the thousands digit of 697201490?
1
What is the ten millions digit of 42839358?
4
What is the ten millions digit of 886443225?
8
What is the units digit of 137859725?
5
What is the ten thousands digit of 1364298573?
9
What is the thousands digit of 298971360?
1
What is the hundred millions digit of 757481508?
7
What is the hundreds digit of 697557268?
2
What is the ten millions digit of 31946370?
3
What is the hundreds digit of 29532334?
3
What is the hundreds digit of 25197219?
2
What is the millions digit of 49029808?
9
What is the tens digit of 3893669904?
0
What is the ten thousands digit of 120957766?
5
What is the ten millions digit of 522020194?
2
What is the units digit of 85111864?
4
What is the millions digit of 714659728?
4
What is the units digit of 45139167?
7
What is the hundred millions digit of 371234432?
3
What is the hundreds digit of 414827591?
5
What is the units digit of 86066665?
5
What is the millions digit of 1318320632?
8
What is the ten millions digit of 5787774504?
8
What is the billions digit of 3983142586?
3
What is the ten millions digit of 3616471565?
1
What is the units digit of 1891803323?
3
What is the hundreds digit of 89326401?
4
What is the thousands digit of 2130737353?
7
What is the ten thousands digit of 277417404?
1
What is the hundred thousands digit of 266637461?
6
What is the units digit of 1010486690?
0
What is the hundred thousands digit of 29571072?
5
What is the millions digit of 1498354147?
8
What is the units digit of 41038760?
0
What is the billions digit of 2015478995?
2
What is the thousands digit of 4410543406?
3
What is the tens digit of 4854285412?
1
What is the thousands digit of 188449960?
9
What is the ten thousands digit of 130940835?
4
What is the ten millions digit of 14235033?
1
What is the hundred thousands digit of 276234601?
2
What is the hundreds digit of 3240986007?
0
What is the thousands digit of 4640176365?
6
What is the ten thousands digit of 1541761624?
6
What is the hundreds digit of 289948837?
8
What is the millions digit of 2906269107?
6
What is the hundred thousands digit of 2051713181?
7
What is the hundred millions digit of 667509374?
6
What is the thousands digit of 25019321?
9
What is the millions digit of 36816208?
6
What is the units digit of 520157324?
4
What is the ten thousands digit of 637880667?
8
What is the billions digit of 1273855356?
1
What is the ten thousands digit of 66127721?
2
What is the tens digit of 272241794?
9
What is the hundreds digit of 5609001?
0
What is the ten millions digit of 6290419085?
9
What is the units digit of 144673388?
8
What is the ten thousands digit of 613309139?
0
What is the ten millions digit of 39108044?
3
What is the thousands digit of 321937560?
7
What is the hundred millions digit of 130379599?
1
What is the ten millions digit of 263658386?
6
What is the millions digit of 33659740?
3
What is the hundred thousands digit of 452152727?
1
What is the hundreds digit of 19518584?
5
What is the hundreds digit of 17509079?
0
What is the units digit of 2378268412?
2
What is the hundred millions digit of 173163896?
1
What is the thousands digit of 276485485?
5
What is the ten thousands digit of 260683658?
8
What is the billions digit of 3171446890?
3
What is the tens digit of 3113258108?
0
What is the hundred thousands digit of 1786136808?
1
What is the billions digit of 1506775973?
1
What is the hundred thousands digit of 1830168845?
1
What is the hundred thousands digit of 134039017?
0
What is the tens digit of 581753390?
9
What is the thousands digit of 1456461059?
1
What is the hundreds digit of 574491793?
7
What is the tens digit of 803896870?
7
What is the millions digit of 41804593?
1
What is the ten thousands digit of 748154838?
5
What is the billions digit of 1185034321?
1
What is the thousands digit of 118674240?
4
What is the units digit of 36491985?
5
What is the ten thousands digit of 115687398?
8
What is the hundreds digit of 118389984?
9
What is the ten thousands digit of 334384895?
8
What is the ten millions digit of 20004519?
2
What is the millions digit of 146990973?
6
What is the units digit of 2590947406?
6
What is the hundred thousands digit of 3303376955?
3
What is the thousands digit of 130840398?
0
What is the hundred thousands digit of 589786307?
7
What is the ten thousands digit of 22888789?
8
What is the thousands digit of 391038958?
8
What is the units digit of 320160907?
7
What is the ten thousands digit of 521448356?
4
What is the thousands digit of 1217449176?
9
What is the hundreds digit of 1606313656?
6
What is the millions digit of 89365194?
9
What is the tens digit of 2400079991?
9
What is the ten thousands digit of 1204614203?
1
What is the hundred thousands digit of 33969663?
9
What is the hundred thousands digit of 1409335159?
3
What is the millions digit of 609668196?
9
What is the units digit of 3213067261?
1
What is the thousands digit of 324033202?
3
What is the tens digit of 474504449?
4
What is the ten thousands digit of 16478435?
7
What is the ten thousands digit of 993003?
9
What is the thousands digit of 286906729?
6
What is the ten millions digit of 614606864?
1
What is the hundred millions digit of 281753812?
2
What is the hundred thousands digit of 62101454?
1
What is the millions digit of 18893778?
8
What is the ten thousands digit of 141768930?
6
What is the hundreds digit of 23089381?
3
What is the ten thousands digit of 698910310?
1
What is the tens digit of 36588583?
8
What is the hundred thousands digit of 1638776523?
7
What is the hundred thousands digit of 663990714?
9
What is the units digit of 121328330?
0
What is the tens digit of 1918085592?
9
What is the thousands digit of 13787351?
7
What is the hundreds digit of 224211728?
7
What is the hundred millions digit of 5543316484?
5
What is the hundred thousands digit of 727152987?
1
What is the units digit of 26344517?
7
What is the thousands digit of 6614676468?
6
What is the tens digit of 452803378?
7
What is the tens digit of 136633281?
8
What is the thousands digit of 9736293?
6
What is the ten millions digit of 145081901?
4
What is the ten thousands digit of 119796834?
9
